[INFO] fetching crate sccache 0.2.13...
[INFO] checking sccache-0.2.13 against try#72f88fc4e9458f89516a0b8b0868f3718aec5b47 for pr-74989
[INFO] extracting crate sccache 0.2.13 into /workspace/builds/worker-10/source
[INFO] validating manifest of crates.io crate sccache 0.2.13 on toolchain 72f88fc4e9458f89516a0b8b0868f3718aec5b47
[INFO] running `Command { std: "/workspace/cargo-home/bin/cargo" "+72f88fc4e9458f89516a0b8b0868f3718aec5b47" "read-manifest" "--manifest-path" "Cargo.toml", kill_on_drop: false }`
[INFO] started tweaking crates.io crate sccache 0.2.13
[INFO] finished tweaking crates.io crate sccache 0.2.13
[INFO] tweaked toml for crates.io crate sccache 0.2.13 written to /workspace/builds/worker-10/source/Cargo.toml
[INFO] crate crates.io crate sccache 0.2.13 already has a lockfile, it will not be regenerated
[INFO] running `Command { std: "/workspace/cargo-home/bin/cargo" "+72f88fc4e9458f89516a0b8b0868f3718aec5b47" "fetch" "--locked" "--manifest-path" "Cargo.toml", kill_on_drop: false }`
[INFO] [stderr]  Downloading crates ...
[INFO] [stderr]   Downloaded counted-array v0.1.2
[INFO] [stderr]   Downloaded linked-hash-map v0.2.1
[INFO] [stderr]   Downloaded tower v0.1.1
[INFO] [stderr]   Downloaded hyperx v0.12.0
[INFO] [stderr]   Downloaded tower-buffer v0.1.2
[INFO] [stderr]   Downloaded lru-disk-cache v0.4.0
[INFO] [stderr]   Downloaded tokio-serde v0.1.0
[INFO] [stderr]   Downloaded tower-retry v0.1.0
[INFO] [stderr]   Downloaded tower-load-shed v0.1.0
[INFO] [stderr]   Downloaded tower-timeout v0.1.1
[INFO] [stderr]   Downloaded tokio-serde-bincode v0.1.1
[INFO] [stderr]   Downloaded syslog v4.0.1
[INFO] [stderr]   Downloaded tower-discover v0.1.0
[INFO] [stderr]   Downloaded tower-limit v0.1.1
[INFO] [stderr]   Downloaded conhash v0.4.0
[INFO] [stderr]   Downloaded memcached-rs v0.3.0
[INFO] [stderr]   Downloaded rouille v2.2.0
[INFO] running `Command { std: "docker" "create" "-v" "/var/lib/crater-agent-workspace/builds/worker-10/target:/opt/rustwide/target:rw,Z" "-v" "/var/lib/crater-agent-workspace/builds/worker-10/source:/opt/rustwide/workdir:ro,Z" "-v" "/var/lib/crater-agent-workspace/cargo-home:/opt/rustwide/cargo-home:ro,Z" "-v" "/var/lib/crater-agent-workspace/rustup-home:/opt/rustwide/rustup-home:ro,Z" "-e" "SOURCE_DIR=/opt/rustwide/workdir" "-e" "CARGO_TARGET_DIR=/opt/rustwide/target" "-e" "CARGO_HOME=/opt/rustwide/cargo-home" "-e" "RUSTUP_HOME=/opt/rustwide/rustup-home" "-w" "/opt/rustwide/workdir" "-m" "1610612736" "--user" "0:0" "--network" "none" "rustops/crates-build-env@sha256:d92eaeed33fa75130ca1ee6c8a01d1ffb62bac859dfdfb3450e3e5d1c0146529" "/opt/rustwide/cargo-home/bin/cargo" "+72f88fc4e9458f89516a0b8b0868f3718aec5b47" "metadata" "--no-deps" "--format-version=1", kill_on_drop: false }`
[INFO] [stdout] 214ce6164a5ed4dae2af6cb4b2054e03454fae09cbdb24f3743a1923c702536e
[INFO] [stderr] WARNING: Your kernel does not support swap limit capabilities or the cgroup is not mounted. Memory limited without swap.
[INFO] running `Command { std: "docker" "start" "-a" "214ce6164a5ed4dae2af6cb4b2054e03454fae09cbdb24f3743a1923c702536e", kill_on_drop: false }`
[INFO] running `Command { std: "docker" "inspect" "214ce6164a5ed4dae2af6cb4b2054e03454fae09cbdb24f3743a1923c702536e", kill_on_drop: false }`
[INFO] running `Command { std: "docker" "rm" "-f" "214ce6164a5ed4dae2af6cb4b2054e03454fae09cbdb24f3743a1923c702536e", kill_on_drop: false }`
[INFO] [stdout] 214ce6164a5ed4dae2af6cb4b2054e03454fae09cbdb24f3743a1923c702536e
[INFO] running `Command { std: "docker" "create" "-v" "/var/lib/crater-agent-workspace/builds/worker-10/target:/opt/rustwide/target:rw,Z" "-v" "/var/lib/crater-agent-workspace/builds/worker-10/source:/opt/rustwide/workdir:ro,Z" "-v" "/var/lib/crater-agent-workspace/cargo-home:/opt/rustwide/cargo-home:ro,Z" "-v" "/var/lib/crater-agent-workspace/rustup-home:/opt/rustwide/rustup-home:ro,Z" "-e" "SOURCE_DIR=/opt/rustwide/workdir" "-e" "CARGO_TARGET_DIR=/opt/rustwide/target" "-e" "CARGO_INCREMENTAL=0" "-e" "RUST_BACKTRACE=full" "-e" "RUSTFLAGS=--cap-lints=forbid" "-e" "CARGO_HOME=/opt/rustwide/cargo-home" "-e" "RUSTUP_HOME=/opt/rustwide/rustup-home" "-w" "/opt/rustwide/workdir" "-m" "1610612736" "--user" "0:0" "--network" "none" "rustops/crates-build-env@sha256:d92eaeed33fa75130ca1ee6c8a01d1ffb62bac859dfdfb3450e3e5d1c0146529" "/opt/rustwide/cargo-home/bin/cargo" "+72f88fc4e9458f89516a0b8b0868f3718aec5b47" "check" "--frozen" "--all" "--all-targets" "--message-format=json", kill_on_drop: false }`
[INFO] [stdout] 0fb7e6bdfa8b1fd54613c8a34b466394c19e44fdc52f16b4478b2a1349fd8bac
[INFO] [stderr] WARNING: Your kernel does not support swap limit capabilities or the cgroup is not mounted. Memory limited without swap.
[INFO] running `Command { std: "docker" "start" "-a" "0fb7e6bdfa8b1fd54613c8a34b466394c19e44fdc52f16b4478b2a1349fd8bac", kill_on_drop: false }`
[INFO] [stderr]    Compiling autocfg v0.1.7
[INFO] [stderr]     Checking spin v0.5.2
[INFO] [stderr]    Compiling proc-macro2 v1.0.6
[INFO] [stderr]    Compiling unicode-xid v0.2.0
[INFO] [stderr]    Compiling syn v1.0.11
[INFO] [stderr]    Compiling cc v1.0.48
[INFO] [stderr]     Checking rand_core v0.4.2
[INFO] [stderr]     Checking smallvec v1.0.0
[INFO] [stderr]     Checking matches v0.1.8
[INFO] [stderr]    Compiling typenum v1.11.2
[INFO] [stderr]    Compiling pkg-config v0.3.17
[INFO] [stderr]    Compiling bitflags v1.2.1
[INFO] [stderr]    Compiling httparse v1.3.4
[INFO] [stderr]    Compiling version_check v0.1.5
[INFO] [stderr]    Compiling getrandom v0.1.13
[INFO] [stderr]     Checking percent-encoding v1.0.1
[INFO] [stderr]     Checking rustc-demangle v0.1.16
[INFO] [stderr]    Compiling crc32fast v1.2.0
[INFO] [stderr]    Compiling remove_dir_all v0.5.2
[INFO] [stderr]     Checking foreign-types-shared v0.1.1
[INFO] [stderr]    Compiling openssl v0.10.26
[INFO] [stderr]     Checking percent-encoding v2.1.0
[INFO] [stderr]     Checking ppv-lite86 v0.2.6
[INFO] [stderr]    Compiling unicode-xid v0.0.4
[INFO] [stderr]     Checking byte-tools v0.3.1
[INFO] [stderr]    Compiling quote v0.3.15
[INFO] [stderr]     Checking openssl-probe v0.1.2
[INFO] [stderr]     Checking mime v0.3.14
[INFO] [stderr]    Compiling encoding_rs v0.8.20
[INFO] [stderr]     Checking subtle v1.0.0
[INFO] [stderr]     Checking fake-simd v0.1.2
[INFO] [stderr]     Checking quick-error v1.2.2
[INFO] [stderr]     Checking opaque-debug v0.2.3
[INFO] [stderr]     Checking utf8parse v0.1.1
[INFO] [stderr]     Checking safemem v0.3.3
[INFO] [stderr]     Checking unicode-width v0.1.7
[INFO] [stderr]     Checking same-file v0.1.3
[INFO] [stderr]     Checking strsim v0.8.0
[INFO] [stderr]     Checking untrusted v0.6.2
[INFO] [stderr]     Checking linked-hash-map v0.2.1
[INFO] [stderr]     Checking ansi_term v0.11.0
[INFO] [stderr]     Checking predicates-core v0.9.0
[INFO] [stderr]     Checking language-tags v0.2.2
[INFO] [stderr]     Checking vec_map v0.8.1
[INFO] [stderr]     Checking difference v2.0.0
[INFO] [stderr]     Checking normalize-line-endings v0.2.2
[INFO] [stderr]     Checking counted-array v0.1.2
[INFO] [stderr]     Checking base64 v0.11.0
[INFO] [stderr]     Checking tower-service v0.2.0
[INFO] [stderr]     Checking try_from v0.3.2
[INFO] [stderr]     Checking itertools v0.7.11
[INFO] [stderr]     Checking tokio-sync v0.1.7
[INFO] [stderr]     Checking lock_api v0.3.2
[INFO] [stderr]    Compiling getopts v0.2.21
[INFO] [stderr]     Checking unicode-bidi v0.3.4
[INFO] [stderr]     Checking lazy_static v1.4.0
[INFO] [stderr]     Checking unicode-normalization v0.1.11
[INFO] [stderr]     Checking rand_core v0.3.1
[INFO] [stderr]     Checking rand_jitter v0.1.4
[INFO] [stderr]     Checking foreign-types v0.3.2
[INFO] [stderr]     Checking miniz_oxide v0.3.5
[INFO] [stderr]    Compiling synom v0.11.3
[INFO] [stderr]     Checking block-padding v0.1.5
[INFO] [stderr]    Compiling error-chain v0.12.1
[INFO] [stderr]     Checking vte v0.3.3
[INFO] [stderr]     Checking humantime v1.3.0
[INFO] [stderr]    Compiling num-traits v0.2.10
[INFO] [stderr]    Compiling crossbeam-utils v0.7.0
[INFO] [stderr]    Compiling crossbeam-epoch v0.8.0
[INFO] [stderr]    Compiling indexmap v1.3.0
[INFO] [stderr]    Compiling rand_pcg v0.1.2
[INFO] [stderr]    Compiling rand_chacha v0.1.1
[INFO] [stderr]    Compiling rand v0.6.5
[INFO] [stderr]    Compiling num-integer v0.1.41
[INFO] [stderr]    Compiling bincode v1.2.0
[INFO] [stderr]     Checking textwrap v0.11.0
[INFO] [stderr]     Checking walkdir v1.0.7
[INFO] [stderr]    Compiling libc v0.2.66
[INFO] [stderr]     Checking log v0.4.8
[INFO] [stderr]     Checking predicates-tree v0.9.0
[INFO] [stderr]     Checking tower-layer v0.1.0
[INFO] [stderr]     Checking tower-discover v0.1.0
[INFO] [stderr]     Checking crossbeam-utils v0.6.6
[INFO] [stderr]     Checking thread_local v0.3.6
[INFO] [stderr]     Checking tracing-core v0.1.7
[INFO] [stderr]     Checking rand_isaac v0.1.1
[INFO] [stderr]     Checking rand_hc v0.1.0
[INFO] [stderr]     Checking rand_xorshift v0.1.1
[INFO] [stderr]     Checking c2-chacha v0.2.3
[INFO] [stderr]    Compiling syn v0.11.11
[INFO] [stderr]    Compiling pulldown-cmark v0.0.3
[INFO] [stderr]     Checking strip-ansi-escapes v0.1.0
[INFO] [stderr]     Checking num_cpus v1.11.1
[INFO] [stderr]     Checking net2 v0.2.33
[INFO] [stderr]     Checking signal-hook-registry v1.2.0
[INFO] [stderr]     Checking rand v0.4.6
[INFO] [stderr]     Checking rand_os v0.1.3
[INFO] [stderr]     Checking atty v0.2.13
[INFO] [stderr]     Checking filetime v0.2.8
[INFO] [stderr]     Checking filetime v0.1.15
[INFO] [stderr]     Checking xattr v0.2.2
[INFO] [stderr]     Checking daemonize v0.3.0
[INFO] [stderr]     Checking jobserver v0.1.19
[INFO] [stderr]     Checking rand v0.5.6
[INFO] [stderr]     Checking directories v1.0.2
[INFO] [stderr]     Checking base64 v0.10.1
[INFO] [stderr]     Checking base64 v0.9.3
[INFO] [stderr]     Checking ar v0.6.2
[INFO] [stderr]    Compiling memoffset v0.5.3
[INFO] [stderr]    Compiling hyper v0.12.35
[INFO] [stderr]     Checking tower-load-shed v0.1.0
[INFO] [stderr]     Checking want v0.2.0
[INFO] [stderr]     Checking log v0.3.9
[INFO] [stderr]     Checking flate2 v1.0.13
[INFO] [stderr]     Checking bytes v0.4.12
[INFO] [stderr]     Checking msdos_time v0.1.6
[INFO] [stderr]     Checking futures-cpupool v0.1.8
[INFO] [stderr]     Checking tokio-executor v0.1.9
[INFO] [stderr]     Checking crossbeam-queue v0.1.2
[INFO] [stderr]     Checking idna v0.1.5
[INFO] [stderr]     Checking idna v0.2.0
[INFO] [stderr]     Checking clap v2.33.0
[INFO] [stderr]     Checking rand_core v0.5.1
[INFO] [stderr]     Checking signal-hook v0.1.12
[INFO] [stderr]     Checking mio v0.6.21
[INFO] [stderr]     Checking tar v0.4.26
[INFO] [stderr]    Compiling quote v1.0.2
[INFO] [stderr]     Checking regex v1.3.1
[INFO] [stderr]    Compiling mime_guess v2.0.1
[INFO] [stderr]    Compiling openssl-sys v0.9.53
[INFO] [stderr]    Compiling backtrace-sys v0.1.32
[INFO] [stderr]    Compiling ring v0.14.6
[INFO] [stderr]     Checking lru-disk-cache v0.4.0
[INFO] [stderr]     Checking generic-array v0.12.3
[INFO] [stderr]     Checking rand v0.3.23
[INFO] [stderr]     Checking tempdir v0.3.7
[INFO] [stderr]     Checking tokio-timer v0.2.12
[INFO] [stderr]     Checking tokio-current-thread v0.1.6
[INFO] [stderr]     Checking parking_lot_core v0.6.2
[INFO] [stderr]     Checking zip v0.4.2
[INFO] [stderr]     Checking rand_chacha v0.2.1
[INFO] [stderr]     Checking tokio-io v0.1.12
[INFO] [stderr]     Checking http v0.1.21
[INFO] [stderr]     Checking tokio-buf v0.1.1
[INFO] [stderr]     Checking string v0.2.1
[INFO] [stderr]     Checking tokio-serde v0.1.0
[INFO] [stderr]     Checking url v2.1.0
[INFO] [stderr]     Checking url v1.7.2
[INFO] [stderr]     Checking retry v0.4.0
[INFO] [stderr]     Checking mio-uds v0.6.7
[INFO] [stderr]     Checking digest v0.8.1
[INFO] [stderr]     Checking block-buffer v0.7.3
[INFO] [stderr]     Checking crypto-mac v0.7.0
[INFO] [stderr]     Checking rand v0.7.2
[INFO] [stderr]     Checking parking_lot v0.9.0
[INFO] [stderr]     Checking env_logger v0.5.13
[INFO] [stderr]     Checking tower-timeout v0.1.1
[INFO] [stderr]     Checking tower-retry v0.1.0
[INFO] [stderr]    Compiling skeptic v0.4.0
[INFO] [stderr]     Checking num-traits v0.1.43
[INFO] [stderr]     Checking number_prefix v0.2.8
[INFO] [stderr]     Checking float-cmp v0.4.0
[INFO] [stderr]     Checking sha2 v0.8.0
[INFO] [stderr]     Checking sha-1 v0.8.1
[INFO] [stderr]     Checking hmac v0.7.1
[INFO] [stderr]     Checking tokio-codec v0.1.1
[INFO] [stderr]     Checking tower-util v0.1.0
[INFO] [stderr]    Compiling native-tls v0.2.3
[INFO] [stderr]     Checking crossbeam-deque v0.7.2
[INFO] [stderr]     Checking predicates v0.9.1
[INFO] [stderr]     Checking cookie v0.12.0
[INFO] [stderr]     Checking tokio-reactor v0.1.11
[INFO] [stderr]     Checking publicsuffix v1.5.4
[INFO] [stderr]    Compiling derive-error v0.0.3
[INFO] [stderr]     Checking chrono v0.4.10
[INFO] [stderr]     Checking backtrace v0.3.40
[INFO] [stderr]     Checking tokio-threadpool v0.1.17
[INFO] [stderr]    Compiling local-encoding v0.2.0
[INFO] [stderr]     Checking tempfile v3.1.0
[INFO] [stderr]     Checking tokio-tcp v0.1.3
[INFO] [stderr]     Checking tokio-uds v0.2.5
[INFO] [stderr]     Checking tokio-udp v0.1.5
[INFO] [stderr]     Checking tokio-signal v0.2.7
[INFO] [stderr]     Checking uuid v0.7.4
[INFO] [stderr]     Checking tokio-process v0.2.4
[INFO] [stderr]     Checking tokio-fs v0.1.6
[INFO] [stderr]     Checking tokio v0.1.22
[INFO] [stderr]     Checking h2 v0.1.26
[INFO] [stderr]     Checking http-body v0.1.0
[INFO] [stderr]     Checking hyperx v0.12.0
[INFO] [stderr]    Compiling synstructure v0.12.3
[INFO] [stderr]     Checking hyper-tls v0.3.2
[INFO] [stderr]    Compiling serde_derive v1.0.103
[INFO] [stderr]    Compiling tracing-attributes v0.1.5
[INFO] [stderr]    Compiling failure_derive v0.1.6
[INFO] [stderr]     Checking failure v0.1.6
[INFO] [stderr]     Checking which v2.0.1
[INFO] [stderr]     Checking tracing v0.1.10
[INFO] [stderr]     Checking tower-buffer v0.1.2
[INFO] [stderr]     Checking tower-limit v0.1.1
[INFO] [stderr]     Checking tower v0.1.1
[INFO] [stderr]     Checking serde v1.0.103
[INFO] [stderr]     Checking serde_json v1.0.44
[INFO] [stderr]     Checking bincode v0.8.0
[INFO] [stderr]     Checking serde_urlencoded v0.5.5
[INFO] [stderr]     Checking toml v0.4.10
[INFO] [stderr]     Checking tokio-serde-bincode v0.1.1
[INFO] [stderr]     Checking cookie_store v0.7.0
[INFO] [stderr]     Checking escargot v0.3.1
[INFO] [stderr]     Checking assert_cmd v0.9.1
[INFO] [stderr]     Checking reqwest v0.9.22
[INFO] [stderr]     Checking sccache v0.2.13 (/opt/rustwide/workdir)
[INFO] [stdout] warning: use of deprecated associated function `std::error::Error::description`: use the Display impl or to_string()
[INFO] [stdout]   --> src/errors.rs:28:1
[INFO] [stdout]    |
[INFO] [stdout] 28 | / error_chain! {
[INFO] [stdout] 29 | |     foreign_links {
[INFO] [stdout] 30 | |         Hyper(hyper::Error) #[cfg(feature = "hyper")];
[INFO] [stdout] 31 | |         Io(io::Error);
[INFO] [stdout] ...  |
[INFO] [stdout] 62 | |     }
[INFO] [stdout] 63 | | }
[INFO] [stdout]    | |_^
[INFO] [stdout]    |
[INFO] [stdout]    = note: `#[warn(deprecated)]` on by default
[INFO] [stdout]    = note: this warning originates in a macro (in Nightly builds, run with -Z macro-backtrace for more info)
[INFO] [stdout] 
[INFO] [stdout] 
[INFO] [stdout] warning: use of deprecated associated function `std::error::Error::description`: use the Display impl or to_string()
[INFO] [stdout]   --> src/errors.rs:28:1
[INFO] [stdout]    |
[INFO] [stdout] 28 | / error_chain! {
[INFO] [stdout] 29 | |     foreign_links {
[INFO] [stdout] 30 | |         Hyper(hyper::Error) #[cfg(feature = "hyper")];
[INFO] [stdout] 31 | |         Io(io::Error);
[INFO] [stdout] ...  |
[INFO] [stdout] 62 | |     }
[INFO] [stdout] 63 | | }
[INFO] [stdout]    | |_^
[INFO] [stdout]    |
[INFO] [stdout]    = note: this warning originates in a macro (in Nightly builds, run with -Z macro-backtrace for more info)
[INFO] [stdout] 
[INFO] [stdout] 
[INFO] [stdout] warning: use of deprecated associated function `std::error::Error::description`: use the Display impl or to_string()
[INFO] [stdout]   --> src/errors.rs:28:1
[INFO] [stdout]    |
[INFO] [stdout] 28 | / error_chain! {
[INFO] [stdout] 29 | |     foreign_links {
[INFO] [stdout] 30 | |         Hyper(hyper::Error) #[cfg(feature = "hyper")];
[INFO] [stdout] 31 | |         Io(io::Error);
[INFO] [stdout] ...  |
[INFO] [stdout] 62 | |     }
[INFO] [stdout] 63 | | }
[INFO] [stdout]    | |_^
[INFO] [stdout]    |
[INFO] [stdout]    = note: `#[warn(deprecated)]` on by default
[INFO] [stdout]    = note: this warning originates in a macro (in Nightly builds, run with -Z macro-backtrace for more info)
[INFO] [stdout] 
[INFO] [stdout] 
[INFO] [stdout] warning: use of deprecated associated function `std::error::Error::description`: use the Display impl or to_string()
[INFO] [stdout]   --> src/errors.rs:28:1
[INFO] [stdout]    |
[INFO] [stdout] 28 | / error_chain! {
[INFO] [stdout] 29 | |     foreign_links {
[INFO] [stdout] 30 | |         Hyper(hyper::Error) #[cfg(feature = "hyper")];
[INFO] [stdout] 31 | |         Io(io::Error);
[INFO] [stdout] ...  |
[INFO] [stdout] 62 | |     }
[INFO] [stdout] 63 | | }
[INFO] [stdout]    | |_^
[INFO] [stdout]    |
[INFO] [stdout]    = note: this warning originates in a macro (in Nightly builds, run with -Z macro-backtrace for more info)
[INFO] [stdout] 
[INFO] [stdout] 
[INFO] [stdout] warning: 2 warnings emitted
[INFO] [stdout] 
[INFO] [stdout] 
[INFO] [stdout] error[E0433]: failed to resolve: use of undeclared type or module `selenium_rs`
[INFO] [stdout]  --> tests/oauth.rs:5:5
[INFO] [stdout]   |
[INFO] [stdout] 5 | use selenium_rs::webdriver::{Browser, Selector, WebDriver};
[INFO] [stdout]   |     ^^^^^^^^^^^ use of undeclared type or module `selenium_rs`
[INFO] [stdout] 
[INFO] [stdout] 
[INFO] [stdout] error[E0433]: failed to resolve: use of undeclared type or module `Selector`
[INFO] [stdout]    --> tests/oauth.rs:100:31
[INFO] [stdout]     |
[INFO] [stdout] 100 |             self.find_element(Selector::CSS, selector).ok()
[INFO] [stdout]     |                               ^^^^^^^^ use of undeclared type or module `Selector`
[INFO] [stdout] 
[INFO] [stdout] 
[INFO] [stdout] error[E0433]: failed to resolve: use of undeclared type or module `Selector`
[INFO] [stdout]    --> tests/oauth.rs:122:23
[INFO] [stdout]     |
[INFO] [stdout] 122 |         .find_element(Selector::CSS, USERNAME_SELECTOR)
[INFO] [stdout]     |                       ^^^^^^^^ use of undeclared type or module `Selector`
[INFO] [stdout] 
[INFO] [stdout] 
[INFO] [stdout] error[E0433]: failed to resolve: use of undeclared type or module `Selector`
[INFO] [stdout]    --> tests/oauth.rs:127:23
[INFO] [stdout]     |
[INFO] [stdout] 127 |         .find_element(Selector::CSS, PASSWORD_SELECTOR)
[INFO] [stdout]     |                       ^^^^^^^^ use of undeclared type or module `Selector`
[INFO] [stdout] 
[INFO] [stdout] 
[INFO] [stdout] error[E0433]: failed to resolve: use of undeclared type or module `Selector`
[INFO] [stdout]    --> tests/oauth.rs:132:23
[INFO] [stdout]     |
[INFO] [stdout] 132 |         .find_element(Selector::CSS, LOGIN_SELECTOR)
[INFO] [stdout]     |                       ^^^^^^^^ use of undeclared type or module `Selector`
[INFO] [stdout] 
[INFO] [stdout] 
[INFO] [stdout] error[E0433]: failed to resolve: use of undeclared type or module `WebDriver`
[INFO] [stdout]    --> tests/oauth.rs:287:22
[INFO] [stdout]     |
[INFO] [stdout] 287 |     let mut driver = WebDriver::new(Browser::Chrome);
[INFO] [stdout]     |                      ^^^^^^^^^ use of undeclared type or module `WebDriver`
[INFO] [stdout] 
[INFO] [stdout] 
[INFO] [stdout] error[E0433]: failed to resolve: use of undeclared type or module `Browser`
[INFO] [stdout]    --> tests/oauth.rs:287:37
[INFO] [stdout]     |
[INFO] [stdout] 287 |     let mut driver = WebDriver::new(Browser::Chrome);
[INFO] [stdout]     |                                     ^^^^^^^ use of undeclared type or module `Browser`
[INFO] [stdout] 
[INFO] [stdout] 
[INFO] [stdout] error[E0412]: cannot find type `WebDriver` in this scope
[INFO] [stdout]   --> tests/oauth.rs:97:20
[INFO] [stdout]    |
[INFO] [stdout] 97 | impl DriverExt for WebDriver {
[INFO] [stdout]    |                    ^^^^^^^^^ not found in this scope
[INFO] [stdout] 
[INFO] [stdout] 
[INFO] [stdout] error[E0412]: cannot find type `WebDriver` in this scope
[INFO] [stdout]    --> tests/oauth.rs:118:25
[INFO] [stdout]     |
[INFO] [stdout] 118 | fn auth0_login(driver: &WebDriver, email: &str, password: &str) {
[INFO] [stdout]     |                         ^^^^^^^^^ not found in this scope
[INFO] [stdout] 
[INFO] [stdout] 
[INFO] [stdout] error[E0277]: the size for values of type `str` cannot be known at compilation time
[INFO] [stdout]    --> tests/oauth.rs:109:17
[INFO] [stdout]     |
[INFO] [stdout] 109 |                 Ok(ref url) if condition(&url) => return Ok(()),
[INFO] [stdout]     |                 ^^^^^^^^^^^ doesn't have a size known at compile-time
[INFO] [stdout]     |
[INFO] [stdout]     = help: the trait `Sized` is not implemented for `str`
[INFO] [stdout]     = note: required by `std::prelude::v1::Ok`
[INFO] [stdout] 
[INFO] [stdout] 
[INFO] [stdout] error: aborting due to 10 previous errors
[INFO] [stdout] 
[INFO] [stdout] 
[INFO] [stdout] Some errors have detailed explanations: E0277, E0412, E0433.
[INFO] [stdout] 
[INFO] [stdout] For more information about an error, try `rustc --explain E0277`.
[INFO] [stdout] 
[INFO] [stderr] error: could not compile `sccache`.
[INFO] [stderr] 
[INFO] [stderr] To learn more, run the command again with --verbose.
[INFO] [stderr] warning: build failed, waiting for other jobs to finish...
[INFO] [stdout] warning: this method call currently resolves to `<&[T; N] as IntoIterator>::into_iter` (due to autoref coercions), but that might change in the future when `IntoIterator` impls for arrays are added.
[INFO] [stdout]    --> src/compiler/args.rs:959:39
[INFO] [stdout]     |
[INFO] [stdout] 959 |         let iter = ArgsIter::new(args.into_iter().map(OsString::from), &ARGS[..]);
[INFO] [stdout]     |                                       ^^^^^^^^^ help: use `.iter()` instead of `.into_iter()` to avoid ambiguity: `iter`
[INFO] [stdout]     |
[INFO] [stdout]     = note: `#[warn(array_into_iter)]` on by default
[INFO] [stdout]     = warning: this was previously accepted by the compiler but is being phased out; it will become a hard error in a future release!
[INFO] [stdout]     = note: for more information, see issue #66145 <https://github.com/rust-lang/rust/issues/66145>
[INFO] [stdout] 
[INFO] [stdout] 
[INFO] [stdout] warning: 3 warnings emitted
[INFO] [stdout] 
[INFO] [stdout] 
[INFO] [stderr] error: build failed
[INFO] running `Command { std: "docker" "inspect" "0fb7e6bdfa8b1fd54613c8a34b466394c19e44fdc52f16b4478b2a1349fd8bac", kill_on_drop: false }`
[INFO] running `Command { std: "docker" "rm" "-f" "0fb7e6bdfa8b1fd54613c8a34b466394c19e44fdc52f16b4478b2a1349fd8bac", kill_on_drop: false }`
[INFO] [stdout] 0fb7e6bdfa8b1fd54613c8a34b466394c19e44fdc52f16b4478b2a1349fd8bac
